 8. What is x(10)?
2
Let y(j) = j**3 + 35*j**2 - 71*j + 113. Give y(-37).
2
Let y(l) = -5*l**2 + 8*l - 6. Give y(3).
-27
Let t(n) = -13*n + 9. Determine t(4).
-43
Let x(q) = 3*q - 42. Give x(21).
21
Let v(k) = -8*k - 64. Determine v(-21).
104
Let z(f) = f**2 + 4*f + 4. What is z(-11)?
81
Let f(c) = -c**3 + 28*c**2 + 5*c - 110. Calculate f(28).
30
Let q(p) = 4*p + 5. Determine q(5).
25
Let f(i) = -i**3 + 31*i**2 + 72*i - 186. What is f(33)?
12
Let r(i) = -3*i - 16. Calculate r(-9).
11
Let p(z) = 2*z + 47. Determine p(-16).
15
Let v(z) = -2*z**3 + 12*z**2 - 5*z + 11. What is v(6)?
-19
Let k(q) = -q**3 - 20*q**2 - 4*q - 61. Calculate k(-20).
19
Let q(m) = m**2 + 17*m - 44. Give q(-22).
66
Let q(d) = -d**3 + 11*d**2 + 5*d - 11. What is q(11)?
44
Let b(o) = -o**2 + 14. Determine b(5).
-11
Let w(n) = 5*n - 6. Calculate w(3).
9
Let d(h) = 5*h - 46. Determine d(11).
9
Let c(n) = n**3 + 8*n**2 + 8*n - 7. Determine c(-7).
-14
Let t(k) = 16*k + 16. Calculate t(4).
80
Let m(q) = q**2 - 12*q + 12. Calculate m(11).
1
Let a(u) = 4*u - 15. Determine a(5).
5
Let u(h) = -5*h**2 + 2*h. What is u(2)?
-16
Let i(x) = x**2 - 43*x + 83. Give i(2).
1
Let v(r) = 20*r**2 + 2*r - 3. Calculate v(1).
19
Let z(l) = 14*l + 1. What is z(-1)?
-13
Let h(q) = 83*q - 1404. Give h(17).
7
Let p(a) = a**2 + 12*a + 17. Determine p(-11).
6
Let v(q) = -q**2 - 7*q + 10. What is v(4)?
-34
Let b(o) = -o**2 - 8*o - 7. Give b(-4).
9
Let o(p) = -2*p - 14. What is o(-11)?
8
Let c(s) = -2*s**2 + 15*s + 12. Determine c(9).
-15
Let t(m) = 18*m - 28. Give t(1).
-10
Let k(h) = 2*h**2 - 5*h + 6. Calculate k(3).
9
Let z(d) = d**3 + 3*d**2 + 15*d + 75. Give z(-4).
-1
Let u(w) = 2*w**2 + 16*w + 31. Determine u(-4).
-1
Let f(y) = y - 32. Determine f(17).
-15
Let h(t) = -t**3 - 7*t**2 - 3*t + 17. Give h(-6).
-1
Let q(z) = -11*z - 188. Determine q(-17).
-1
Let o(q) = 101*q + 2. What is o(1)?
103
Let f(s) = 8*s - 18. Calculate f(15).
102
Let v(w) = w**3 + 12*w**2 + 13*w + 21. Calculate v(-11).
-1
Let o(r) = 13*r**3 - r**2 - r. Give o(-1).
-13
Let i(p) = p**3 + p**2 - 11*p - 13. Give i(4).
23
Let u(l) = 7*l**2 + 397*l - 119. Determine u(-57).
-5
Let g(h) = h + 24. Calculate g(-16).
8
Let a(d) = -2*d + 19. Determine a(12).
-5
Let n(i) = 2*i**2 + i - 1. What is n(-5)?
44
Let m(f) = -10*f**2 + 3*f + 1. Calculate m(2).
-33
Let l(d) = d**2 - 10*d + 4. Calculate l(10).
4
Let n(c) = 44*c + 102. Calculate n(-2).
14
Let d(r) = 39*r + 2. Calculate d(1).
41
Let u(r) = r**2 + 8*r - 20. Determine u(-10).
0
Let m(i) = 6*i - 84. Calculate m(0).
-84
Let s(x) = x**2 + x - 5. Give s(-4).
7
Let p(a) = a**3 + 10*a**2 + a + 5. What is p(-10)?
-5
Let q(g) = -g**2 + 17*g - 11. Calculate q(16).
5
Let a(g) = -20*g - 127. Calculate a(-6).
-7
Let x(h) = -h + 16. Determine x(10).
6
Let w(m) = -m**2 - 87*m - 1077. What is w(-15)?
3
Let z(b) = -5*b + 3. Calculate z(-8).
43
Let m(o) = -o**3 - 9*o**2 - 9*o - 7. Calculate m(-8).
1
Let b(o) = o - 4. Give b(-7).
-11
Let m(r) = -r**3 + r**2 + 3*r + 4. Determine m(0).
4
Let t(a) = -a + 11. Give t(3).
8
Let o(l) = 31*l + 191. Calculate o(-6).
5
Let i(d) = d - 7. Calculate i(9).
2
Let d(x) = -x**2 - 14*x - 11. What is d(-15)?
-26
Let t(f) = -f**2 - f + 4. Determine t(0).
4
Let r(u) = -u**2 - u + 42. Calculate r(0).
42
Let b(j) = j**3 - 11*j**2 + 18*j + 5. Give b(9).
5
Let w(u) = u**2 - 10*u - 12. Calculate w(10).
-12
Let f(l) = -l - 26. Give f(-12).
-14
Let t(k) = k**2 - 16*k + 49. What is t(11)?
-6
Let d(z) = -z**2 + 377*z + 1916. What is d(-5)?
6
Let w(h) = h**2 - 5*h - 15. Determine w(6).
-9
Let t(k) = k**3 - 5*k**2 - 5*k - 11. Give t(6).
-5
Let b(p) = p**3 - 6*p**2 + 3*p - 3. Give b(5).
-13
Let k(p) = p**3 - 20*p**2 + 6*p - 16. Calculate k(20).
104
Let g(t) = -2*t**2 - 11*t - 6. Give g(-4).
6
Let q(d) = -d**2 + 10*d - 15. Give q(6).
9
Let g(s) = -5*s - 83. Calculate g(-22).
27
Let x(w) = -3*w**2 - 17*w - 21. What is x(-9)?
-111
Let h(u) = 14*u**3 - 2*u + 1. What is h(1)?
13
Let z(t) = -2*t**2 - 4*t + 13. Give z(-4).
-3
Let q(c) = c**2 + 4*c + 9. Give q(-3).
6
Let i(t) = 11*t + 59. Calculate i(-5).
4
Let f(u) = u**3 + u**2 - 3*u - 59. Determine f(0).
-59
Let w(g) = 19*g - 59. Give w(3).
-2
Let z(v) = -3*v - 74. Calculate z(-17).
-23
Let a(w) = -w**2 - 13*w + 35. Determine a(-14).
21
Let a(b) = -2*b**2 - 146*b + 159. Determine a(-74).
11
Let a(b) = 7*b - 20. Calculate a(10).
50
Let p(t) = -t**2 + 10*t - 8. Calculate p(9).
1
Let x(o) = -3*o**2 + 16*o + 28. Determine x(9).
-71
Let f(b) = -b + 24. Determine f(10).
14
Let m(b) = 3*b - 37. Calculate m(10).
-7
Let l(f) = 16*f**2 + 3*f + 2. Determine l(2).
72
Let y(q) = -2*q**3 + 3*q**2 - 6*q - 7. Determine y(-2).
33
Let r(y) = -y**2 - 8*y + 23. What is r(-10)?
3
Let q(f) = f**3 + 7*f**2 + 13*f + 3. Give q(-4).
-1
Let l(n) = n**3 + 2*n**2 + n - 52. What is l(0)?
-52
Let d(s) = -2*s - 3. What is d(4)?
-11
Let n(z) = -z**3 - 16*z**2 - 28*z - 5. What is n(-14)?
-5
Let v(a) = -3*a - 1. Calculate v(9).
-28
Let i(k) = -k**3 + 8*k**2 + 18*k + 14. What is i(10)?
-6
Let f(y) = y**3 - 7*y**2 - 4*y - 2. Determine f(7).
-30
Let k(p) = -7*p - 93. What is k(-15)?
12
Let n(k) = 2*k**3 + 13*k**2 - 11*k - 5. Determine n(-7).
23
Let s(u) = -21*u**3 - u**2 - u - 1. Determine s(-1).
20
Let g(t) = -t**2 - 18*t - 17. Give g(-17).
0
Let c(n) = n + 18. Determine c(-14).
4
Let l(k) = -k**2 - 18*k - 40. Give l(-15).
5
Let m(s) = 2*s - 3. What is m(9)?
15
Let v(d) = d**3 - 3*d**2 - 2*d + 7. What is v(3)?
1
Let l(f) = -2*f**2 + f + 4. Determine l(3).
-11
Let i(f) = -35*f + 133. What is i(5)?
-42
Let g(x) = x**2 - 9*x - 71. Calculate g(-6).
19
Let s(r) = r - 4. Give s(2).
-2
Let m(c) = 6*c - 99. What is m(15)?
-9
Let k(w) = -w**2 + 42*w + 4. Give k(42).
4
Let g(w) = -w**3 - 3*w**2 + 4. Calculate g(-4).
20
Let j(i) = -75*i - 1647. Calculate j(-22).
3
Let n(x) = -3*x - 14. Determine n(-16).
34
Let n(w) = -w**3 - 26*w**2 + 25*w - 67. What is n(-27)?
-13
Let b(n) = -41*n**2 + 77*n + 2. What is b(2)?
-8
Let m(l) = -10*l**2 + 100*l - 5. Give m(10).
-5
Let s(f) = -f + 53. Give s(11).
42
Let p(s) = -s**2 + 6*s + 1. Calculate p(-3).
-26
Let o(j) = j**2 - 7*j + 11. Calculate o(0).
11
Let s(q) = q**3 + 5*q**2 - 2*q - 2. Give s(-5).
8
Let f(z) = -2*z**2 + 18*z + 52. What is f(11)?
8
Let p(s) = -s**3 + 13*s**2 - 24*s + 27. What is p(11)?
5
Let s(a) = -a**3 - 4*a**2 + 14*a + 15. Determine s(-6).
3
Let g(w) = w**3 + 6*w**2 - 9*w - 13. Calculate g(-7).
1
Let o(d) = d**3 - 3*d**2 - 9*d + 2. Give o(5).
7
Let a(m) = -8*m + 3. What is a(1)?
-5
Let o(b) = b**3 + 30*b**2 - 2*b - 24. Give o(-30).
36
Let i(y) = y**2 + 47*y + 283. Calculate i(-39).
-29
Let p(v) = v**3 + 7*v**2 - 7*v + 2. Determine p(-8).
-6
Let x(o) = o**3 - 3*o + 3. Calculate x(3).
21
Let h(b) = 3*b**2 - 84*b + 7. Calculate h(28).
7
Let u(r) = 5*r - 16. Give u(15).
59
Let k(v) = -v**3 + 7*v**2 - 6*v + 6. Calculate k(6).
6
Let b(d) = 18*d + 13. Calculate b(-2).
-23
Let v(p) = p - 4. Calculate v(9).
5
Let z(l) = l**3 + 16*l**2 + 12*l - 16. Calculate z(-15).
29
Let w(s) = 5*s - 13. Give w(4).
7
Let j(m) = -4*m**2 - 21*m + 6. Determine j(-5).
11
Let w(y) = y**3 - 19*y**2 + 20*y - 34. Calculate w(18).
2
Let n(y) = -4*y**2 + y. Calculate n(3).
-33
Let c(a) = -a**3 + a + 2. Calculate c(3).
-22
Let m(p) = 7*p**2 + 12*p - 1. Calculate m(-2).
3
Let c(s) = -s**3 + 6*s**2 - s + 1. Determine c(6).
-5
Let l(y) = y**3 - 13*y**2 + 32*y + 8. What is l(8)?
-56
Let q(u) = 2*u**2 + 7*u - 4. What is q(-7)?
45
Let l(k) = -k**2 + 3*k - 2. Determine l(4).
-6
Let s(x) = -x**3 + 12*x**2 - 15*x - 13. Give s(11).
-57
Let o(q) = 52*q - 119. What is o(3)?
37
Let w(y) = -9*y + 308. Calculate w(35).
-7
Let u(h) = 4*h**3 + 19*h**2 - 5*h - 3. Determine u(-5).
-3
Let s(x) = -x**3 - 2*x**2 + 3*x - 2. Calculate s(-5).
58
Let r(u) = -2*u**2 - 5*u - 6. Determine r(-3).
-9
Let y(a) = a**3 + 32*a**2 - 146*a - 70. Give y(-36).
2
Let m(y) = 4*y + 8. Calculate m(-7).
-20
Let z(u) = -u**2 - 12*u - 18. Determine z(-4).
14
Let x(r) = r**3 - 15*r**2 - 3*r - 15. Give x(15).
-60
Let h(y) = 2*y**3 + 2*y. Give h(4).
136
Let u(m) = m**3 + 11*m**2 - 2*m - 11. Calculate u(-11).
11
Let u(m) = -m - 8. Determine u(-10).
2
Let f(l) = 13*l + 1. Calculate f(1).
14
Let v(j) = 4*j + 36. What is v(-5)?
16
Let p(s) = -71*s**2 - s. What is p(-1)?
-70
Let i(q) = -4*q - 62. Give i(-14).
-6
Let i(